{"id":76,"date":"2020-09-25T09:28:56","date_gmt":"2020-09-25T09:28:56","guid":{"rendered":"https:\/\/womo4us.de\/?page_id=76"},"modified":"2020-09-25T16:31:30","modified_gmt":"2020-09-25T16:31:30","slug":"holland-2020","status":"publish","type":"page","link":"https:\/\/womo4us.de\/?page_id=76","title":{"rendered":"Holland 2020"},"content":{"rendered":"\n<p>Sp\u00e4tsommer am Ijsselmeer, kann es etwas Besseres geben?<\/p>\n\n\n\n<p>Wandern, Radeln, und Surfer beobachten, die Zeit geht bei so etwas doch viel zu schnell um\u2026<\/p>\n\n\n\n<p>Der CP S\u00e9leantsje, direkt am Ijsselmeer, hat f\u00fcr Wohnmobile vor der T\u00fcr einen Stellplatz mit Strom und Wasser; alle Einrichtungen des CP k\u00f6nnen genutzt werden.<br>Besonders zu empfehlen ist das hervorragende Essen im CP Restaurant, es war nicht nur opulent, sondern auch alles aus regionalem Anbau\/Haltung und extrem lecker!<\/p>\n\n\n\n<p>Hier waren wir nicht zum letzten Mal\u2026 \ud83d\ude09<br>Mit dem Rad ist man schnell in Hindeloopen oder Stavoren, wer keine R\u00e4der mitnehmen m\u00f6chte, kann sich diese auch auf dem CP ausleihen.<\/p>\n\n\n\n<p>Ein guter Tipp: M\u00fcckenspray nicht vergessen!<\/p>\n\n\n\n<p><strong>Bilder Galerie<\/strong><\/p>\n\n\n\n<figure class=\"wp-block-image is-resized is-style-default\"><a href=\"https:\/\/womo4us.de\/?page_id=251\"><img loading=\"lazy\" src=\"https:\/\/womo4us.de\/wp-content\/uploads\/2020\/09\/Gallerie.png\" alt=\"\" class=\"wp-image-162\" width=\"79\" height=\"79\"\/><\/a><\/figure>\n\n\n\n<p><strong>Medien auf Youtube<\/strong><\/p>\n\n\n\n<div class=\"wp-block-image is-style-rounded\"><figure class=\"alignleft size-large is-resized\"><a href=\"https:\/\/www.youtube.com\/watch?v=5h7HP_z09-0&amp;t=6s\" target=\"_blank\" rel=\"noopener noreferrer\"><img loading=\"lazy\" src=\"https:\/\/womo4us.de\/wp-content\/uploads\/2020\/09\/Logo_rund-1.png\" alt=\"\" class=\"wp-image-98\" width=\"84\" height=\"84\" srcset=\"https:\/\/womo4us.de\/wp-content\/uploads\/2020\/09\/Logo_rund-1.png 709w, https:\/\/womo4us.de\/wp-content\/uploads\/2020\/09\/Logo_rund-1-300x300.png 300w, https:\/\/womo4us.de\/wp-content\/uploads\/2020\/09\/Logo_rund-1-150x150.png 150w\" sizes=\"(max-width: 84px) 100vw, 84px\" \/><\/a><\/figure><\/div>\n\n\n\n<p class=\"has-small-font-size\"><br><br><br>Ijsselmeer 2020<\/p>\n","protected":false},"excerpt":{"rendered":"<p>Sp\u00e4tsommer am Ijsselmeer, kann es etwas Besseres geben? Wandern, Radeln, und Surfer beobachten, die Zeit geht bei so etwas doch viel zu schnell um\u2026 Der CP S\u00e9leantsje, direkt am Ijsselmeer, hat f\u00fcr Wohnmobile vor der T\u00fcr einen Stellplatz mit Strom und Wasser; alle Einrichtungen des CP k\u00f6nnen genutzt werden.Besonders zu empfehlen ist das hervorragende Essen&hellip;&nbsp;<a href=\"https:\/\/womo4us.de\/?page_id=76\" class=\"\" rel=\"bookmark\">Weiterlesen &raquo;<span class=\"screen-reader-text\">Holland 2020<\/span><\/a><\/p>\n","protected":false},"author":1,"featured_media":0,"parent":0,"menu_order":0,"comment_status":"closed","ping_status":"closed","template":"","meta":{"neve_meta_sidebar":"full-width","neve_meta_container":"","neve_meta_enable_content_width":"on","neve_meta_content_width":100,"neve_meta_title_alignment":"","neve_meta_author_avatar":"","neve_post_elements_order":"","neve_meta_disable_header":"","neve_meta_disable_footer":"","neve_meta_disable_title":""},"_links":{"self":[{"href":"https:\/\/womo4us.de\/index.php?rest_route=\/wp\/v2\/pages\/76"}],"collection":[{"href":"https:\/\/womo4us.de\/index.php?rest_route=\/wp\/v2\/pages"}],"about":[{"href":"https:\/\/womo4us.de\/index.php?rest_route=\/wp\/v2\/types\/page"}],"author":[{"embeddable":true,"href":"https:\/\/womo4us.de\/index.php?rest_route=\/wp\/v2\/users\/1"}],"replies":[{"embeddable":true,"href":"https:\/\/womo4us.de\/index.php?rest_route=%2Fwp%2Fv2%2Fcomments&post=76"}],"version-history":[{"count":5,"href":"https:\/\/womo4us.de\/index.php?rest_route=\/wp\/v2\/pages\/76\/revisions"}],"predecessor-version":[{"id":258,"href":"https:\/\/womo4us.de\/index.php?rest_route=\/wp\/v2\/pages\/76\/revisions\/258"}],"wp:attachment":[{"href":"https:\/\/womo4us.de\/index.php?rest_route=%2Fwp%2Fv2%2Fmedia&parent=76"}],"curies":[{"name":"wp","href":"https:\/\/api.w.org\/{rel}","templated":true}]}}