{"id":74,"date":"2020-09-25T09:28:39","date_gmt":"2020-09-25T09:28:39","guid":{"rendered":"https:\/\/womo4us.de\/?page_id=74"},"modified":"2020-09-25T16:23:16","modified_gmt":"2020-09-25T16:23:16","slug":"deutschland-2020","status":"publish","type":"page","link":"https:\/\/womo4us.de\/?page_id=74","title":{"rendered":"Deutschland 2020"},"content":{"rendered":"\n<p>Geplant war eigentlich eine Tour durch das Baltikum. Das wollten wir dies auf Grund von Corona nicht riskieren. Und das war auch gut so. Wir haben statt dessen eine wundersch\u00f6ne Deutschlandtour gemacht!<\/p>\n\n\n\n<hr class=\"wp-block-separator is-style-wide\"\/>\n\n\n\n<p><strong>Potsdam<\/strong><br>Die erste Station auf unserer Deutschland Tour f\u00fchrte uns ins wundersch\u00f6ne Potsdam. Hier wollten wir eigentlich die ersten Tage auf dem &#8222;Campingplatz Sanssoucci&#8220; verbringen.<\/p>\n\n\n\n<p>Leider war dieser extrem voll und wir entschieden uns, auf den sehr stadtnahen &#8222;Wohnmobilstellplatz Potsdam&#8220; auszuweichen. Hier muss man allerdings autark stehen k\u00f6nnen, da es keine Stromversorgung und keinen Sanit\u00e4rbereich gibt.<\/p>\n\n\n\n<p>Auch konnte das Schlo\u00df nicht besichtigt werden, aber die G\u00e4rten von Sanssoucci und die Stadt selbst waren sehr beeindruckend und auch inspirierend!<\/p>\n\n\n\n<p>Geschichte wird hier greif- und f\u00fchlbar und eigentlich kann man sich gut vorstellen, dass jeden Moment eine Pferdekutsche \u00fcber das Kopfsteinpflaster angerollt kommt \u2026<\/p>\n\n\n\n<p>Vieles ist noch im Auf- und Umbau, aber das Flair der Stadt und des Schlosses ist immer zu sp\u00fcren.<\/p>\n\n\n\n<p><strong>Bilder Galerie<\/strong><\/p>\n\n\n\n<figure class=\"wp-block-image is-resized is-style-default\"><a href=\"https:\/\/womo4us.de\/?page_id=155\"><img loading=\"lazy\" src=\"https:\/\/womo4us.de\/wp-content\/uploads\/2020\/09\/Gallerie.png\" alt=\"\" class=\"wp-image-162\" width=\"79\" height=\"79\"\/><\/a><\/figure>\n\n\n\n<p><strong>Medien auf Youtube<\/strong><\/p>\n\n\n\n<div class=\"wp-block-image is-style-rounded\"><figure class=\"alignleft size-large is-resized\"><a href=\"https:\/\/www.youtube.com\/watch?v=TBwzlF8i60Y&amp;t=10s\" target=\"_blank\" rel=\"noopener noreferrer\"><img loading=\"lazy\" src=\"https:\/\/womo4us.de\/wp-content\/uploads\/2020\/09\/Logo_rund-1.png\" alt=\"\" class=\"wp-image-98\" width=\"84\" height=\"84\" srcset=\"https:\/\/womo4us.de\/wp-content\/uploads\/2020\/09\/Logo_rund-1.png 709w, https:\/\/womo4us.de\/wp-content\/uploads\/2020\/09\/Logo_rund-1-300x300.png 300w, https:\/\/womo4us.de\/wp-content\/uploads\/2020\/09\/Logo_rund-1-150x150.png 150w\" sizes=\"(max-width: 84px) 100vw, 84px\" \/><\/a><\/figure><\/div>\n\n\n\n<p class=\"has-small-font-size\"><br><br><br>Erste Station &#8211; Potsdam<\/p>\n\n\n\n<p><\/p>\n\n\n\n<hr class=\"wp-block-separator is-style-wide\"\/>\n\n\n\n<p><strong>Brandenburg<\/strong><br>Die zweite Station unserer Deutschland Reise f\u00fchrte uns nach Brandenburg, die sch\u00f6ne Stadt an der Havel. <br>Der tolle Stellplatz \/Campingplatz &#8222;StadtMarina Brandenburg&#8220; er\u00f6ffnete uns die M\u00f6glichkeit, die Stadt zu Wasser und zu Land zu erkunden.<br>Die Sanit\u00e4reinrichtungen waren sehr gepflegt und sauber und: man bekam sogar Kaffee an der Rezeption! \ud83d\ude42<br>F\u00fcr Selbstversorger befindet sich ein Supermarkt direkt um die Ecke, ansonsten k\u00f6nnen wir aus vollster \u00dcberzeugung das Restaurant &#8222;Kartoffelk\u00e4fer&#8220; empfehlen!<\/p>\n\n\n\n<p>Wichtigste Entdeckung bei der Stadttour: <br>der Loriot`sche Waldmops, leider konnten wir nur einen finden \u2026<\/p>\n\n\n\n<p><strong>Bilder Galerie<\/strong><\/p>\n\n\n\n<figure class=\"wp-block-image is-resized is-style-default\"><a href=\"https:\/\/womo4us.de\/?page_id=198\"><img loading=\"lazy\" src=\"https:\/\/womo4us.de\/wp-content\/uploads\/2020\/09\/Gallerie.png\" alt=\"\" class=\"wp-image-162\" width=\"79\" height=\"79\"\/><\/a><\/figure>\n\n\n\n<p><strong>Medien auf Youtube<\/strong><\/p>\n\n\n\n<div class=\"wp-block-image is-style-rounded\"><figure class=\"alignleft size-large is-resized\"><a href=\"https:\/\/www.youtube.com\/watch?v=DbItlIk-ae4\" target=\"_blank\" rel=\"noopener noreferrer\"><img loading=\"lazy\" src=\"https:\/\/womo4us.de\/wp-content\/uploads\/2020\/09\/Logo_rund-1.png\" alt=\"\" class=\"wp-image-98\" width=\"84\" height=\"84\" srcset=\"https:\/\/womo4us.de\/wp-content\/uploads\/2020\/09\/Logo_rund-1.png 709w, https:\/\/womo4us.de\/wp-content\/uploads\/2020\/09\/Logo_rund-1-300x300.png 300w, https:\/\/womo4us.de\/wp-content\/uploads\/2020\/09\/Logo_rund-1-150x150.png 150w\" sizes=\"(max-width: 84px) 100vw, 84px\" \/><\/a><\/figure><\/div>\n\n\n\n<p class=\"has-small-font-size\"><br><br><br>Zweite Station &#8211; Brandenburg<\/p>\n\n\n\n<p><\/p>\n\n\n\n<hr class=\"wp-block-separator is-style-wide\"\/>\n\n\n\n<p><strong>Dresden<\/strong><br>Dresden:Elbflorenz!<\/p>\n\n\n\n<p>Vor 30 Jahren waren nur noch Schatten einer untergegangen Metropole zu finden, inzwischen pulsiert das Leben in einer Stadt, die die Sch\u00f6nheit der Vergangenheit mit den Anspr\u00fcchen der Gegenwart verbindet.<\/p>\n\n\n\n<p>Viel zu kurz war die Zeit, die wir dort verbringen durften und dennoch ausreichend, um die neue alte Sch\u00f6nheit zu genie\u00dfen.<\/p>\n\n\n\n<p>Wir haben uns diesmal den Stellplatz &#8222;Am Bl\u00fcherpark&#8220; ausgesucht, der sehr zentral gelegen und direkt an eine Jugenherberge angebunden ist. Das Fr\u00fchst\u00fccksbuffet dort ist wirklich zu empfehlen, um sich f\u00fcr den anschlie\u00dfenden Stadtrundgang zu st\u00e4rken.<\/p>\n\n\n\n<p><strong>Bilder Galerie<\/strong><\/p>\n\n\n\n<figure class=\"wp-block-image is-resized is-style-default\"><a href=\"https:\/\/womo4us.de\/?page_id=205\"><img loading=\"lazy\" src=\"https:\/\/womo4us.de\/wp-content\/uploads\/2020\/09\/Gallerie.png\" alt=\"\" class=\"wp-image-162\" width=\"79\" height=\"79\"\/><\/a><\/figure>\n\n\n\n<p><strong>Medien auf Youtube<\/strong><\/p>\n\n\n\n<div class=\"wp-block-image is-style-rounded\"><figure class=\"alignleft size-large is-resized\"><a href=\"https:\/\/www.youtube.com\/watch?v=gU78UrJ_2oE&amp;t=1s\" target=\"_blank\" rel=\"noopener noreferrer\"><img loading=\"lazy\" src=\"https:\/\/womo4us.de\/wp-content\/uploads\/2020\/09\/Logo_rund-1.png\" alt=\"\" class=\"wp-image-98\" width=\"84\" height=\"84\" srcset=\"https:\/\/womo4us.de\/wp-content\/uploads\/2020\/09\/Logo_rund-1.png 709w, https:\/\/womo4us.de\/wp-content\/uploads\/2020\/09\/Logo_rund-1-300x300.png 300w, https:\/\/womo4us.de\/wp-content\/uploads\/2020\/09\/Logo_rund-1-150x150.png 150w\" sizes=\"(max-width: 84px) 100vw, 84px\" \/><\/a><\/figure><\/div>\n\n\n\n<p class=\"has-small-font-size\"><br><br><br>Dritte Station &#8211; Dresden<\/p>\n\n\n\n<p><\/p>\n\n\n\n<hr class=\"wp-block-separator is-style-wide\"\/>\n\n\n\n<p><strong>Seiffen<\/strong><br>Im Erzgebirge, direkt an der Grenze zu Tschechien, liegt Seiffen, bekannt f\u00fcr seine Kunsthandwerker und den Bergbau.<br>Deshalb hei\u00dft es hier auch nicht &#8222;Hallo&#8220; oder &#8222;Guten Tag&#8220;, sondern &#8222;Gl\u00fcck auf&#8220;!<\/p>\n\n\n\n<p>Im Camping- und Ferienpark Seiffen, welcher direkt an ein Hotel angeschlossen ist, fanden wir einen tollen Platz, mit Blick in den Wald, hinter welchem am Abend die Sonne untergeht und alles in ein wunderbares Licht taucht.<\/p>\n\n\n\n<p>Der Campingsplatz ist sehr gepflegt, gro\u00df und nicht \u00fcberlaufen. Wenn man gerade kein Mountainbiker ist, oder ein E-Bike dabei hat, k\u00f6nnen Radtouren hier sehr anstrengend werden (zum Dorf Seiffen sind es ca. 6 km mit 13% Gef\u00e4lle!) \u2026<\/p>\n\n\n\n<p>Zu anstrengend f\u00fcr uns, weshalb wir den hoteleigenen Shuttleservice gerne in Anspruch genommen haben!<\/p>\n\n\n\n<p>So konnten wir auch ohne Probleme die Sommerrodelbahn besuchen und dort einen sch\u00f6nen Tag verbringen. Ein idealer Ort f\u00fcr kleinere und auch gro\u00dfe Kinder. \ud83d\ude42<\/p>\n\n\n\n<p><strong>Bilder Galerie<\/strong><\/p>\n\n\n\n<figure class=\"wp-block-image is-resized is-style-default\"><a href=\"https:\/\/womo4us.de\/?page_id=217\"><img loading=\"lazy\" src=\"https:\/\/womo4us.de\/wp-content\/uploads\/2020\/09\/Gallerie.png\" alt=\"\" class=\"wp-image-162\" width=\"79\" height=\"79\"\/><\/a><\/figure>\n\n\n\n<p><strong>Medien auf Youtube<\/strong><\/p>\n\n\n\n<div class=\"wp-block-image is-style-rounded\"><figure class=\"alignleft size-large is-resized\"><a href=\"https:\/\/www.youtube.com\/watch?v=4gxCK8I_BdU&amp;t=1s\" target=\"_blank\" rel=\"noopener noreferrer\"><img loading=\"lazy\" src=\"https:\/\/womo4us.de\/wp-content\/uploads\/2020\/09\/Logo_rund-1.png\" alt=\"\" class=\"wp-image-98\" width=\"84\" height=\"84\" srcset=\"https:\/\/womo4us.de\/wp-content\/uploads\/2020\/09\/Logo_rund-1.png 709w, https:\/\/womo4us.de\/wp-content\/uploads\/2020\/09\/Logo_rund-1-300x300.png 300w, https:\/\/womo4us.de\/wp-content\/uploads\/2020\/09\/Logo_rund-1-150x150.png 150w\" sizes=\"(max-width: 84px) 100vw, 84px\" \/><\/a><\/figure><\/div>\n\n\n\n<p class=\"has-small-font-size\"><br><br><br>Vierte Station &#8211; Seiffen<\/p>\n\n\n\n<p><\/p>\n\n\n\n<hr class=\"wp-block-separator is-style-wide\"\/>\n\n\n\n<p><strong>Bamberg<\/strong><br>Auf der f\u00fcnften Station unserer Reise empfing uns Bamberg.<\/p>\n\n\n\n<p>Unser Campingsplatz, Camping Insel Bamberg, liegt direkt an der Regnitz und ist nur zu empfehlen! Ein kurze Radtour durch sch\u00f6ne Parks an der Regnitz entlang brachte uns in die wundersch\u00f6ne Altstadt. Egal, ob Dom, Schlo\u00df oder Brauh\u00e4user (Rauchbier muss man wohl probieren, uns hat es gesch\u00fcttelt\u2026), es gibt so viel zu sehen und alles ist sch\u00f6n!<\/p>\n\n\n\n<p>Und: das beste Schnitzel auf der Reise haben wir in Bamberg gegessen, weshalb wir das Hotel Br\u00fcderm\u00fchle allen Schnitzelliebhabern ans Herz legen m\u00f6chten! \ud83d\ude42<\/p>\n\n\n\n<p><strong>Bilder Galerie<\/strong><\/p>\n\n\n\n<figure class=\"wp-block-image is-resized is-style-default\"><a href=\"https:\/\/womo4us.de\/?page_id=231\"><img loading=\"lazy\" src=\"https:\/\/womo4us.de\/wp-content\/uploads\/2020\/09\/Gallerie.png\" alt=\"\" class=\"wp-image-162\" width=\"79\" height=\"79\"\/><\/a><\/figure>\n\n\n\n<p><strong>Medien auf Youtube<\/strong><\/p>\n\n\n\n<div class=\"wp-block-image is-style-rounded\"><figure class=\"alignleft size-large is-resized\"><a href=\"https:\/\/www.youtube.com\/watch?v=wWQDua00gcA&amp;t=5s\" target=\"_blank\" rel=\"noopener noreferrer\"><img loading=\"lazy\" src=\"https:\/\/womo4us.de\/wp-content\/uploads\/2020\/09\/Logo_rund-1.png\" alt=\"\" class=\"wp-image-98\" width=\"84\" height=\"84\" srcset=\"https:\/\/womo4us.de\/wp-content\/uploads\/2020\/09\/Logo_rund-1.png 709w, https:\/\/womo4us.de\/wp-content\/uploads\/2020\/09\/Logo_rund-1-300x300.png 300w, https:\/\/womo4us.de\/wp-content\/uploads\/2020\/09\/Logo_rund-1-150x150.png 150w\" sizes=\"(max-width: 84px) 100vw, 84px\" \/><\/a><\/figure><\/div>\n\n\n\n<p class=\"has-small-font-size\"><br><br><br>F\u00fcnfte Station &#8211; Bamberg<\/p>\n\n\n\n<hr class=\"wp-block-separator is-style-wide\"\/>\n\n\n\n<p><strong>Heidelberg<\/strong><br>Diesmal lag unser Campingplatz nicht direkt in der Stadt, sondern im benachbarten Neckargem\u00fcnd.<br>Der Campingplatz an der Friedensbr\u00fccke ist idyllisch direkt am Neckar gelegen und bietet, neben sch\u00f6nen Stellpl\u00e4tzen, sehr leckeres Essen, gute Tipps zur Stadterkundung inklusive.<\/p>\n\n\n\n<p>Wir kamen nach Heidelberg auf dem Wasserweg, mit der &#8222;Wei\u00dfen Flotte&#8220;, die unmittelbar am Campingplatz ihre Anlegestelle hat.<br>Diese Art der Anreise nach Heidelberg k\u00f6nnen wir nur empfehlen, wahlweise ist es nat\u00fcrlich auch mit dem Rad oder \u00d6PNV m\u00f6glich.<br>Auf dem &#8222;Philosophenweg&#8220; erstiegen wir den &#8222;Heiligen Berg&#8220; (festes Schuhwerk ist zu empfehlen!), der neben einer grandiosen Aussicht auf Schlo\u00df und Stadt auch ein nettes Restaurant im Wald, zwei Klosterruinen und den sogenannten &#8222;Thing&#8220; zu bieten hat.<br>Letzteres ist ein \u00dcberbleibsel aus dunkler Vergangenheit, hier fanden Veranstaltungen der Nazis im 3. Reich statt.<\/p>\n\n\n\n<p>Das Schlo\u00df liegt auf der anderen Seite des Flusses und f\u00fcr alle, die fu\u00dfm\u00fcde sind, kann hier die Bahn genommen werden. Eine ganz besondere Erfahrung, direkt in den Berg hinein zu fahren!<\/p>\n\n\n\n<p>Leider konnte das Schlo\u00df selbst nicht besichtigt werden, aber der umliegende Park mit seinen Skulpturen und dem grandiosen Aus- und Weitblick entsch\u00e4digt f\u00fcr vieles!<\/p>\n\n\n\n<p><strong>Bilder Galerie<\/strong><\/p>\n\n\n\n<figure class=\"wp-block-image is-resized is-style-default\"><a href=\"https:\/\/womo4us.de\/?page_id=241\"><img loading=\"lazy\" src=\"https:\/\/womo4us.de\/wp-content\/uploads\/2020\/09\/Gallerie.png\" alt=\"\" class=\"wp-image-162\" width=\"79\" height=\"79\"\/><\/a><\/figure>\n\n\n\n<p><strong>Medien auf Youtube<\/strong><\/p>\n\n\n\n<div class=\"wp-block-image is-style-rounded\"><figure class=\"alignleft size-large is-resized\"><a href=\"https:\/\/www.youtube.com\/watch?v=FRtZAcl6ILg&amp;t=15s\" target=\"_blank\" rel=\"noopener noreferrer\"><img loading=\"lazy\" src=\"https:\/\/womo4us.de\/wp-content\/uploads\/2020\/09\/Logo_rund-1.png\" alt=\"\" class=\"wp-image-98\" width=\"84\" height=\"84\" srcset=\"https:\/\/womo4us.de\/wp-content\/uploads\/2020\/09\/Logo_rund-1.png 709w, https:\/\/womo4us.de\/wp-content\/uploads\/2020\/09\/Logo_rund-1-300x300.png 300w, https:\/\/womo4us.de\/wp-content\/uploads\/2020\/09\/Logo_rund-1-150x150.png 150w\" sizes=\"(max-width: 84px) 100vw, 84px\" \/><\/a><\/figure><\/div>\n\n\n\n<p class=\"has-small-font-size\"><br><br><br>Sechste Station &#8211; Heidelberg<\/p>\n\n\n\n<hr class=\"wp-block-separator is-style-wide\"\/>\n","protected":false},"excerpt":{"rendered":"<p>Geplant war eigentlich eine Tour durch das Baltikum. Das wollten wir dies auf Grund von Corona nicht riskieren. Und das war auch gut so. Wir haben statt dessen eine wundersch\u00f6ne Deutschlandtour gemacht! PotsdamDie erste Station auf unserer Deutschland Tour f\u00fchrte uns ins wundersch\u00f6ne Potsdam. Hier wollten wir eigentlich die ersten Tage auf dem &#8222;Campingplatz Sanssoucci&#8220;&hellip;&nbsp;<a href=\"https:\/\/womo4us.de\/?page_id=74\" class=\"\" rel=\"bookmark\">Weiterlesen &raquo;<span class=\"screen-reader-text\">Deutschland 2020<\/span><\/a><\/p>\n","protected":false},"author":1,"featured_media":0,"parent":0,"menu_order":0,"comment_status":"closed","ping_status":"closed","template":"","meta":{"neve_meta_sidebar":"full-width","neve_meta_container":"","neve_meta_enable_content_width":"on","neve_meta_content_width":100,"neve_meta_title_alignment":"","neve_meta_author_avatar":"","neve_post_elements_order":"","neve_meta_disable_header":"","neve_meta_disable_footer":"","neve_meta_disable_title":""},"_links":{"self":[{"href":"https:\/\/womo4us.de\/index.php?rest_route=\/wp\/v2\/pages\/74"}],"collection":[{"href":"https:\/\/womo4us.de\/index.php?rest_route=\/wp\/v2\/pages"}],"about":[{"href":"https:\/\/womo4us.de\/index.php?rest_route=\/wp\/v2\/types\/page"}],"author":[{"embeddable":true,"href":"https:\/\/womo4us.de\/index.php?rest_route=\/wp\/v2\/users\/1"}],"replies":[{"embeddable":true,"href":"https:\/\/womo4us.de\/index.php?rest_route=%2Fwp%2Fv2%2Fcomments&post=74"}],"version-history":[{"count":34,"href":"https:\/\/womo4us.de\/index.php?rest_route=\/wp\/v2\/pages\/74\/revisions"}],"predecessor-version":[{"id":250,"href":"https:\/\/womo4us.de\/index.php?rest_route=\/wp\/v2\/pages\/74\/revisions\/250"}],"wp:attachment":[{"href":"https:\/\/womo4us.de\/index.php?rest_route=%2Fwp%2Fv2%2Fmedia&parent=74"}],"curies":[{"name":"wp","href":"https:\/\/api.w.org\/{rel}","templated":true}]}}