{"id":72,"date":"2020-09-25T09:27:43","date_gmt":"2020-09-25T09:27:43","guid":{"rendered":"https:\/\/womo4us.de\/?page_id=72"},"modified":"2020-09-25T11:42:00","modified_gmt":"2020-09-25T11:42:00","slug":"on-tour","status":"publish","type":"page","link":"https:\/\/womo4us.de\/?page_id=72","title":{"rendered":"On Tour"},"content":{"rendered":"\n<p>Mit der Webseite womo4us.de versuchen wir, die Erfahrungen und Erlebnisse auf unseren Touren zu teilen, nicht nur ausschlie\u00dflich f\u00fcr Camper und Wohnmobilisten, sondern f\u00fcr jeden, der Lust auf neue Eindr\u00fccke und andere St\u00e4dte\/L\u00e4nder hat.<\/p>\n\n\n\n<p>Vielleicht bekommen ja einige Lust, die Orte selber zu entdecken!<\/p>\n\n\n\n<p>Einen Adria Twin Supreme 640 SGX deshalb, um flexibel zu sein und der Sonne hinterher zu reisen! Dabei wollen wir die Orte und die Stimmungen selbst und nicht uns in den Mittelpunkt stellen, also: nicht wundern, dass wir eher im Hintergrund bleiben!<\/p>\n\n\n\n<p>Wir w\u00fcnschen allen viel Spa\u00df beim Lesen und Schauen unserer Reiseberichte!<\/p>\n","protected":false},"excerpt":{"rendered":"<p>Mit der Webseite womo4us.de versuchen wir, die Erfahrungen und Erlebnisse auf unseren Touren zu teilen, nicht nur ausschlie\u00dflich f\u00fcr Camper und Wohnmobilisten, sondern f\u00fcr jeden, der Lust auf neue Eindr\u00fccke und andere St\u00e4dte\/L\u00e4nder hat. Vielleicht bekommen ja einige Lust, die Orte selber zu entdecken! Einen Adria Twin Supreme 640 SGX deshalb, um flexibel zu sein&hellip;&nbsp;<a href=\"https:\/\/womo4us.de\/?page_id=72\" class=\"\" rel=\"bookmark\">Weiterlesen &raquo;<span class=\"screen-reader-text\">On Tour<\/span><\/a><\/p>\n","protected":false},"author":1,"featured_media":0,"parent":0,"menu_order":0,"comment_status":"closed","ping_status":"closed","template":"","meta":{"neve_meta_sidebar":"full-width","neve_meta_container":"","neve_meta_enable_content_width":"on","neve_meta_content_width":100,"neve_meta_title_alignment":"","neve_meta_author_avatar":"","neve_post_elements_order":"","neve_meta_disable_header":"","neve_meta_disable_footer":"","neve_meta_disable_title":""},"_links":{"self":[{"href":"https:\/\/womo4us.de\/index.php?rest_route=\/wp\/v2\/pages\/72"}],"collection":[{"href":"https:\/\/womo4us.de\/index.php?rest_route=\/wp\/v2\/pages"}],"about":[{"href":"https:\/\/womo4us.de\/index.php?rest_route=\/wp\/v2\/types\/page"}],"author":[{"embeddable":true,"href":"https:\/\/womo4us.de\/index.php?rest_route=\/wp\/v2\/users\/1"}],"replies":[{"embeddable":true,"href":"https:\/\/womo4us.de\/index.php?rest_route=%2Fwp%2Fv2%2Fcomments&post=72"}],"version-history":[{"count":2,"href":"https:\/\/womo4us.de\/index.php?rest_route=\/wp\/v2\/pages\/72\/revisions"}],"predecessor-version":[{"id":117,"href":"https:\/\/womo4us.de\/index.php?rest_route=\/wp\/v2\/pages\/72\/revisions\/117"}],"wp:attachment":[{"href":"https:\/\/womo4us.de\/index.php?rest_route=%2Fwp%2Fv2%2Fmedia&parent=72"}],"curies":[{"name":"wp","href":"https:\/\/api.w.org\/{rel}","templated":true}]}}