{"id":58,"date":"2020-09-25T08:54:59","date_gmt":"2020-09-25T08:54:59","guid":{"rendered":"https:\/\/womo4us.de\/?page_id=58"},"modified":"2020-09-25T14:23:15","modified_gmt":"2020-09-25T14:23:15","slug":"innen-ausstattung","status":"publish","type":"page","link":"https:\/\/womo4us.de\/?page_id=58","title":{"rendered":"Innenausstattung"},"content":{"rendered":"\n<p>Nun ein wenig zur Innenausstattung unseres SGX. <\/p>\n\n\n\n<p>Wir haben uns f\u00fcr das von Adria angebotene Kit Deluxe Paket entschieden. Dort waren alle Bestandteile, die wir uns so w\u00fcnschten, enthalten.<\/p>\n\n\n\n<p><strong>Inhalt des Kit Deluxe Pakets<\/strong><br>Nebel-Scheinwerfer<br>Tempomat (auf der Autobahn ein Muss)<br>R\u00fcckfahrwarner (entf\u00e4llt bei uns auf Grund der Anh\u00e4ngerkupplung)<br>Lenkrad und Schaltknauf in Teilleder<br>K\u00fchlergrill + Scheinwerferrand schwarz (sieht sehr cool aus) \ud83d\ude42<br>Fahrerhausscheiben get\u00f6nt<br>Wohnraumscheiben get\u00f6nt<br>Fenster inkl. Kombirollo in Heckt\u00fcr links<br>Falt-Verdunkelung Frontscheibe<br>Falt-Verdunkelung FH-Seitenfenster<br>Falt-Verdunkelung Wohnraum-Seitenfenster<br>Fliegenschutz an Schiebet\u00fcr (ein Muss)<br>Einstiegsstufe elektrisch<br>Einstiegsbeleuchtung<br>LED-Ambientebeleuchtung (sieht auch super aus)<br>Lade-Booster (wie wir finden auch ein Muss)<br>Sicherheits-Gasregler MonoControl CS<br>Gasfilter<br>Abwassertank isoliert und beheizbar<br>Abdeckung Kocher<br>Abdeckung Sp\u00fcle<\/p>\n\n\n\n<p><strong>Polster<\/strong><br>Als Polster entschieden wir uns dann gegen die Lederpolster und f\u00fcr die Baxter. Die Farbgebung der Baxterpolster gefiel uns einfach am besten.<\/p>\n\n\n\n<p><strong>Bettbez\u00fcge<\/strong><br>Wichtig sind unserer Meinung nach auch die Original Matratzenbez\u00fcge. Hiervon bestellten wir gleich zwei Sets, wobei wir bis heute (25.09.2020) erst einen erhalten haben. \ud83d\ude41<\/p>\n\n\n\n<p><strong>Safe<\/strong><br>Da wir auch h\u00e4ufiger frei stehen, ist ein Safe im Wohnmobil ein Muss!<\/p>\n\n\n\n<p><strong>Multimedia<\/strong><br>Als Multimediasystem haben wir uns f\u00fcr ein Zenec Z-E3756 entschieden. Dies passt einfach am Besten in das Fahrzeug, bietet eine Menge an technischen Spielereien und das Navi funktioniert auch perfekt. Es lassen sich mit dem Radio mehr als nur eine R\u00fcckfahrkamera ansteuern und dies auch w\u00e4rend der Fahrt! Das System wird dann durch das Dometic R\u00fcckfahrkamerasystem CAM35 mit zwei Linsen komplettiert.<\/p>\n\n\n\n<p><strong>Fu\u00dfmatten<\/strong><br>In Sachen Fu\u00dfmatten haben wir uns einfach im Internet umgeschaut. Die Firma <a rel=\"noreferrer noopener\" href=\"https:\/\/www.onlinefussmatten.de\/\" target=\"_blank\">Online Fussmatten<\/a> bietet dort einiges. Hier gab es sogar die Option, einen Wunschtext auf die Matten zu sticken!<\/p>\n\n\n\n<p><strong>Medien auf Youtube<\/strong><br>Wer sich unseren SGX mal von innen anschauen m\u00f6chte, kann dies \u00fcber den unteren Link gerne machen.<\/p>\n\n\n\n<div class=\"wp-block-image is-style-rounded\"><figure class=\"alignleft size-large is-resized\"><a href=\"https:\/\/www.youtube.com\/watch?v=x5krbCL8wLM&amp;t=128s\" target=\"_blank\" rel=\"noopener noreferrer\"><img loading=\"lazy\" src=\"https:\/\/womo4us.de\/wp-content\/uploads\/2020\/09\/Logo_rund-1.png\" alt=\"\" class=\"wp-image-98\" width=\"84\" height=\"84\" srcset=\"https:\/\/womo4us.de\/wp-content\/uploads\/2020\/09\/Logo_rund-1.png 709w, https:\/\/womo4us.de\/wp-content\/uploads\/2020\/09\/Logo_rund-1-300x300.png 300w, https:\/\/womo4us.de\/wp-content\/uploads\/2020\/09\/Logo_rund-1-150x150.png 150w\" sizes=\"(max-width: 84px) 100vw, 84px\" \/><\/a><\/figure><\/div>\n\n\n\n<p class=\"has-small-font-size\"><br><br><br>Unser Womo von innen<\/p>\n","protected":false},"excerpt":{"rendered":"<p>Nun ein wenig zur Innenausstattung unseres SGX. Wir haben uns f\u00fcr das von Adria angebotene Kit Deluxe Paket entschieden. Dort waren alle Bestandteile, die wir uns so w\u00fcnschten, enthalten. Inhalt des Kit Deluxe PaketsNebel-ScheinwerferTempomat (auf der Autobahn ein Muss)R\u00fcckfahrwarner (entf\u00e4llt bei uns auf Grund der Anh\u00e4ngerkupplung)Lenkrad und Schaltknauf in TeillederK\u00fchlergrill + Scheinwerferrand schwarz (sieht sehr&hellip;&nbsp;<a href=\"https:\/\/womo4us.de\/?page_id=58\" class=\"\" rel=\"bookmark\">Weiterlesen &raquo;<span class=\"screen-reader-text\">Innenausstattung<\/span><\/a><\/p>\n","protected":false},"author":1,"featured_media":0,"parent":0,"menu_order":0,"comment_status":"closed","ping_status":"closed","template":"","meta":{"neve_meta_sidebar":"full-width","neve_meta_container":"","neve_meta_enable_content_width":"on","neve_meta_content_width":100,"neve_meta_title_alignment":"","neve_meta_author_avatar":"","neve_post_elements_order":"","neve_meta_disable_header":"","neve_meta_disable_footer":"","neve_meta_disable_title":""},"_links":{"self":[{"href":"https:\/\/womo4us.de\/index.php?rest_route=\/wp\/v2\/pages\/58"}],"collection":[{"href":"https:\/\/womo4us.de\/index.php?rest_route=\/wp\/v2\/pages"}],"about":[{"href":"https:\/\/womo4us.de\/index.php?rest_route=\/wp\/v2\/types\/page"}],"author":[{"embeddable":true,"href":"https:\/\/womo4us.de\/index.php?rest_route=\/wp\/v2\/users\/1"}],"replies":[{"embeddable":true,"href":"https:\/\/womo4us.de\/index.php?rest_route=%2Fwp%2Fv2%2Fcomments&post=58"}],"version-history":[{"count":30,"href":"https:\/\/womo4us.de\/index.php?rest_route=\/wp\/v2\/pages\/58\/revisions"}],"predecessor-version":[{"id":193,"href":"https:\/\/womo4us.de\/index.php?rest_route=\/wp\/v2\/pages\/58\/revisions\/193"}],"wp:attachment":[{"href":"https:\/\/womo4us.de\/index.php?rest_route=%2Fwp%2Fv2%2Fmedia&parent=58"}],"curies":[{"name":"wp","href":"https:\/\/api.w.org\/{rel}","templated":true}]}}